+ 7*r + 8 - 5*r**f + 0*r**3 - 12. Let z be (-2)/((0 - 2)/4). What is g(z)?
8
Let l(g) be the first derivative of -g**4/4 - 5*g**3/3 - g**2/2 + 4. What is l(-2)?
-10
Let s(u) = 3*u + u + 6 + 0*u - u**2. Let l be s(5). Let p(x) = -x - 2*x - l + 2*x. Give p(-1).
0
Let j = -25 - -28. Let y(w) = w - 2. Calculate y(j).
1
Let r(j) = -37 + 37 + 3*j. Determine r(-1).
-3
Let j(q) = -3 - 3*q + 2*q - 2 + 5*q. Give j(4).
11
Let a be (-13)/3 + (-3)/(-9). Let m(w) = w**3 - w**2 - 2*w + 2. Let t be m(2). Let b(u) = -5*u**2 - 3*u**3 + 4*u**3 - 7*u - 5 - t*u**3. Determine b(a).
7
Let r(d) = -d**2 - d - 3. Suppose -3*z + 5*c = -1, -2*z + c = -4*z - 8. Determine r(z).
-9
Let l(r) be the first derivative of r**4 + 2*r**3/3 - r - 6. What is l(1)?
5
Let q(z) be the second derivative of -19*z**5/20 + z**4/12 - z**3/6 + z**2/2 + z. Suppose -4*f = -4*p + 8, -2*f = -0*f - p + 1. Determine q(f).
-18
Let d be 7 - 2 - (4 + -1). Let q(r) = -2 + d - 1 + r. Suppose -y = -3*y. What is q(y)?
-1
Let l(k) = k**3 + 9*k**2 - k - 13. Let u = 166 - 175. Calculate l(u).
-4
Let k = -17 - -18. Suppose 5*c + 42 = -4*o, 8 = -4*c + 5*o - k. Let a(v) = -2*v - 7. Determine a(c).
5
Let i = 11 + -18. Let y(f) = -f**2 + f - 1. Let x(b) = -b**3 - 4*b**2 + 4*b - 3. Let z be 0/(1 - -1) - -2. Let d(q) = i*y(q) + z*x(q). What is d(-1)?
1
Let g be 2/2 + 0 + -2. Let s(v) = 1. Let i(c) = 6*c - 7. Let x(o) = i(o) + 6*s(o). Calculate x(g).
-7
Let w(o) be the first derivative of -o**3/6 - 3*o**2/2 + o + 3. Let u(i) be the first derivative of w(i). What is u(4)?
-7
Let y = 2 - 7. Let r be (2/y)/((-1)/5). Let l(v) = 0*v + 0*v - v - 2. Give l(r).
-4
Let u(h) = 1 + 2 + 3 - 2*h. Suppose -18*f = -15*f - 12. Give u(f).
-2
Let m(h) = h**3 - 3*h**2 - 2*h - 5. Let p = -1 + 5. Let t be m(p). Let j(q) = -t - 2*q + 2 + 10*q. What is j(1)?
7
Suppose 3*w + w = 0. Let n(z) = w*z**2 - z**3 - z - 5 + 0*z**3 - 4*z**2. What is n(-4)?
-1
Let m(f) be the second derivative of -f**3/6 - 7*f. Give m(3).
-3
Let k(x) = 4*x - 3. Let w(h) = 2*h - 1. Let n(t) = k(t) - 4*w(t). Calculate n(5).
-19
Let m = 10 - 6. Let g(a) = -a**3 + 4*a**2 - 2*a - 5. Give g(m).
-13
Let b(g) = -g - 2. Let c be b(-5). Let w(r) = -r**3 - 9*r**2. Let s be w(-9). Let d(f) = 7 - 8 + f**2 + s*f**2 - 3*f. Determine d(c).
-1
Let a = -2 + 4. Let m(y) = 3*y**2 + 0*y**3 + 0*y**2 - a - y**3. Give m(2).
2
Suppose 3*f = 18 + 24. Let z be 6 + -6 - f/(-2). Let j = -5 + z. Let d(h) = -h**3 + 3*h**2 + h. Give d(j).
6
Let x(y) be the third derivative of -7*y**5/60 + y**4/12 - y**3/6 - 9*y**2. Calculate x(1).
-6
Let w(f) = f**2 + 4*f - 4. Let y(o) = -7*o - 10. Let l be y(-2). Determine w(l).
28
Let j(q) = -2*q**3 - 2*q - 1. Suppose 5 = -4*o + 1. Calculate j(o).
3
Let h(f) = -5*f + 13. Let d(u) = 11*u - 27. Let o(s) = 4*d(s) + 9*h(s). Calculate o(0).
9
Let k(d) = -d**2 - 5*d - 1. Let t = 37 + -43. Calculate k(t).
-7
Suppose 4*w + 0 = -3*d - 11, w + 1 = d. Let p(b) be the first derivative of -1/3*b**3 - 1/4*b**4 - 1/2*b**2 - 2*b + 6. Determine p(w).
4
Let f = 9 + -1. Let k(x) = -x**3 + 8*x**2 - 5. What is k(f)?
-5
Let y = 89/76 + -8/19. Let t(f) be the first derivative of 2*f + 1 - 1/2*f**2 + y*f**4 - f**3. Determine t(2).
12
Let h(l) = -l**3 + 2*l**2 - l**2 - 5*l + 5*l**2 + 0*l**3 - 3. Let j(m) = m + 2. Let o be j(3). Give h(o).
-3
Let t(l) = 0*l + 0*l + 5*l - 9 - 7*l. Give t(-11).
13
Let f(a) = a**3 + a**2 + a + 1. Suppose 2 + 2 = -j. Let l(d) = 2*d + 5. Let n be l(j). Let p = 2 + n. Give f(p).
0
Let v(f) = -f**2 - 2*f + 2. Let i(h) = -2*h**3 - h - 5*h + 5*h + 1 - 3 + 4*h**2. Let a be i(2). Calculate v(a).
-6
Let a(l) = l**2 - 4*l + 14. Let n(u) = u**2 - 5*u + 14. Let q(j) = -5*a(j) + 4*n(j). Calculate q(0).
-14
Let g(y) = -22*y**3 - 3 + 1 - 6*y**2 + y + 21*y**3. What is g(-6)?
-8
Let t(b) be the second derivative of b**5/20 - b**4/4 - 2*b**3/3 - 2*b**2 + 6*b. Calculate t(4).
-4
Let z(m) be the first derivative of m**3/3 - m**2 + 2*m - 12. Give z(5).
17
Let m(y) be the first derivative of -2*y**3/3 - 2*y**2 + 8*y - 3. Let r(p) = p**2 + 3*p - 9. Let n(v) = -2*m(v) - 3*r(v). Give n(0).
11
Let b be 144/30 - (-1)/5. Let x = 12 - 7. Suppose -27 = -x*q - 3*t, q + 0*t - 23 = -b*t. Let a(r) = -r - 1. Calculate a(q).
-4
Let j(u) = -u**2 + u - 5. Suppose 3*l + 0 - 3 = 3*p, 0 = -5*p - 3*l + 35. Suppose p*c - 3*o = 3, -7*o = -5*c - 2*o. Let f = 3 - c. Give j(f).
-5
Let u = -156 + 4. Let y be (-3)/4 - u/32. Let k(z) = 5*z**2 + 3*z + 11. Let g(d) = 14*d**2 + 9*d + 32. Let s(v) = -6*g(v) + 17*k(v). Give s(y).
-1
Let o be 4 + -1 + -5 + 4. Let s(a) be the first derivative of -5/2*a**o + 1/3*a**3 - a - 2. Calculate s(4).
-5
Let s(j) = -j**3 + j + 3. Suppose 0 = -4*u + 20*u. What is s(u)?
3
Suppose 2*n + 3*n = -5*g + 10, -3*n = -g - 18. Let k be 2/7 + (-388)/(-14). Suppose -n*a + k = 3. Let s(x) = x + 2. Determine s(a).
7
Suppose -2*n = -3*n. Let q(x) = 3 + 3*x - x**3 - 2*x - 4 + x**2. Let k be q(n). Let j(y) = -7*y + 1. Calculate j(k).
8
Let r(t) = t + 7. Let p be r(-6). Let i = p + -2. Let l(z) be the second derivative of z**5/5 + z**2/2 + 3*z. Determine l(i).
-3
Suppose p = -2*p + 18. Let q = 12 - p. Suppose q = -v - 2*c, -v + 10 = -c - c. Let g(r) = r**3 - 3*r**2 + 3*r. Give g(v).
2
Let d be (12/(-8) - 4/(-2))*-2. Let h(v) = 3*v**2 - 2*v - 1. What is h(d)?
4
Let h(o) = 5*o**3 + 5*o**2 - 2*o - 9. Let f(a) = 3*a**3 + 2*a**2 - a - 5. Let s(g) = 7*f(g) - 4*h(g). Give s(6).
7
Let o(b) = -5*b - 1. Let a(w) = w - 5. Let u be a(4). Give o(u).
4
Let k(f) = f**2 + 2*f - 1. Let l(g) = g. Suppose -2*a = 3 - 5. Let c(p) = a*k(p) - 3*l(p). Give c(3).
5
Let c(r) be the second derivative of -r**5/5 - r**4/6 - r**3/6 + r + 9. Give c(-1).
3
Let g(v) = -2*v**3 - 10*v**2 + 2*v + 3. Let i(p) = p**3 + 5*p**2 - p - 1. Let a(o) = 3*g(o) + 5*i(o). What is a(-5)?
-1
Let i(j) = j**2 - 4. Let s be -2 + 3 - -1 - (-1 + 7). Let x(f) = f**2 - 4*f - 6. Let n be x(5). Let b = s - n. What is i(b)?
5
Let r = 0 - 2. Let b be (3/r)/((-3)/4). Let s(d) = 0*d - 6*d + d**b + 3 + 3*d. Calculate s(3).
3
Let c = 3 - 5. Let m(g) be the second derivative of 3*g - 1/3*g**3 + 0 - g**2. Determine m(c).
2
Let k(p) = p**3 - 3*p + 1. Suppose 0 = 2*t - 5*n - 26, -4*t = -3*n - 0*n - 24. Suppose -t*a = -5*a. Suppose a = -2*d + d + 2. Determine k(d).
3
Suppose -r = -5*z - 0*r + 1, -3*r = -12. Let x(f) = 2*f + z - 4 + 0*f. Let t(a) = -a + 1. Let s(v) = t(v) + x(v). Give s(5).
3
Let w(o) be the second derivative of -o**4/12 - o**3/6 - 7*o**2/2 + 16*o. Give w(0).
-7
Suppose 3*a = -o + 4*o - 6, 2*a - 38 = -5*o. Let j(g) = g - 9. What is j(o)?
-3
Let x(n) = n**2 + n + 1 + 3*n - 2 - 2. Suppose g + 11 = 3*t, -4*t - g = g + 2. What is x(t)?
9
Let s(g) be the first derivative of -5/2*g**2 + 2 - g. Determine s(-1).
4
Let m(k) be the first derivative of -k - 1. Let v(f) = -11*f**2 - f + 5. Let c(u) = -5*m(u) - v(u). Determine c(-1).
10
Suppose 0*w - 4*w - 20 = 0. Let b(h) = h**2 - 1. Let m(z) = 2*z**2 + 7*z - 5. Let a(x) = x + 1. Let y(g) = -2*a(g) + m(g). Let c(p) = b(p) - y(p). Give c(w).
6
Let r(w) = -19*w**2 - 1 + 2*w + w + 20*w**2. Let u be (-2)/6*(-2 + -7). Suppose 4*t = 16, u*z + 17 = -t + 3*t. Give r(z).
-1
Let u = 287 + -291. Let l(m) be the second derivative of -m**6/720 - m**4/12 - m. Let q(a) be the third derivative of l(a). What is q(u)?
4
Let u(k) = -k**2 - 2*k + 1. Let o be 4/(-22) + (-200)/110. Let p be (1 + o - -3)*-2. What is u(p)?
-7
Let k(h) = 10*h**3 - h**2 + 2*h - 1. Let c = 25 + -24. Calculate k(c).
10
Suppose 3*y + 26 = 3*d - 2*d, -3*d + 36 = -3*y. Let w(m) = m**3 + 6*m**2 - 9*m - 4. Determine w(y).
10
Let x = 5 + -3. Let q(o) = 5*o**2 - o**x - o - 2*o**3 - 2*o**2 + o**3. Let h = 3 + -2. Determine q(h).
0
Let l(t) be the first derivative of -t**4/4 - 8*t**3/3 + 9*t**2/2 + 3*t - 2. Let y be l(-9). Let r(f) = -f**2 - 1 - 2*f + 5*f + 0. Determine r(y).
-1
Suppose -2*g = 20 - 8. Let l(i) = -i**2 - 5*i + 5. Give l(g).
-1
Let a(i) be the third derivative of 1/30*i**5 - 2*i**2 - 1/6*i**4 + 0 - 1/6*i**3 + 0*i. Let t(p) = -p + 10. Let n be t(7). Determine a(n).
5
Let u(v) = -v**2 - 12*v - 6. Let l(g) = g**2 + 11*g + 5. Let f(s) = 7*l(s) + 6*u(s). What is f(-3)?
-7
Let x(t) = 4*t**2 + t**3 + 4*t + 4*t**2 + 2 - 7*t**2 - 6*t. What is x(-3)?
-10
Let a(f) = -f**2 - 6*f - 3. Let t be a(-5). Suppose -t = 3*i + 7. Let s(o) = -o**3 - 3*o**2 + 2*